 3*x - 173 = -p, 3*p = 5*x - g + 465. What is the units digit of p?
8
Suppose -4*a + 9*s = 4*s + 2954, -3711 = 5*a + 3*s. Let v = -207 - a. What is the tens digit of v?
3
What is the thousands digit of (((-8596)/16)/7)/(1/(-1840)*5)?
8
Let a(w) = w**3 + w**2 - 3*w - 1. Let y(j) = -j**3 + 7*j**2 - 6*j - 5. Let x be y(6). Let h be a(x). Let v = -8 - h. What is the units digit of v?
8
Suppose 4*c - 6*c - 59410 = -4*p, 5*c + 44568 = 3*p. What is the ten thousands digit of p?
1
Let u = -70 + 74. Suppose -4 = 3*k - u. Suppose j + 2*i - 91 = 0, k = -5*i + 8 - 3. What is the units digit of j?
9
Let t = 1849 + -1278. What is the hundreds digit of t?
5
Suppose 0*h - 86 = -2*h. Suppose 6*u + 1365 = 1425. Let v = h - u. What is the tens digit of v?
3
Suppose -w + 10 = -2. Let s be (-6)/w - (-3)/(-2). What is the units digit of (1/s)/((-2)/244)?
1
What is the units digit of 923213/142 - (-5)/2?
4
What is the tens digit of 2116*((-6)/(-8) - (-504)/112)?
0
Suppose -6*g + 1583305 = 242*g - 1051199. What is the hundreds digit of g?
6
Suppose 0 = 3*o - 2*f - 755 + 54, o - 230 = -3*f. Suppose v = 3*u + 359, 5*v - 3*u = 2016 - o. What is the hundreds digit of v?
3
Let m(u) = -105*u**3 - 51*u**2 - 214*u + 76. What is the thousands digit of m(-5)?
2
Suppose -14*l = -38673 - 377617. What is the tens digit of l?
3
Suppose 119411 + 1773 = 25*b - 120541. What is the hundreds digit of b?
6
What is the tens digit of 4/26 + ((-422648694)/(-17745) - 10/175)?
1
Let f be (-8)/(-6)*(-30)/(-20). Let l(q) = 28*q**f - 3 - 4*q + 59*q**2 + 2*q - 8*q**2. What is the tens digit of l(-1)?
7
Let h = 28110 + -14796. What is the hundreds digit of h?
3
Suppose 2*o - 244 = f - 5*f, 2*f - 4*o = 112. Suppose -59*l + f*l = 59. Suppose s = -7 + l. What is the tens digit of s?
5
What is the thousands digit of (-69946)/(-16) + (-78)/(-208)?
4
Let j be 4196/(-9) + (-56)/(-252). Let r = -315 - j. What is the tens digit of r?
5
Let a(p) = -37*p + 133. Let o(z) = z**2 + 39*z - 95. Let y be o(-41). What is the tens digit of a(y)?
1
Suppose -12*g + 149 = 5. Let b be -10*(5/(40/g) + -3). Suppose 4*q - 3*m = -4*m + 15, 0 = 5*q + 5*m - b. What is the units digit of q?
4
Let j be 0*((-1)/2)/(1 - 0). Suppose 2*t - 1056 + 260 = j. Let c = -193 + t. What is the tens digit of c?
0
Let r be -4 + 119/28 + 4699/4. Suppose 25*c + r = 4475. What is the hundreds digit of c?
1
Let k(h) = -2*h - 9*h**2 - 16*h + 8*h**2 + 46. Let f be k(-19). What is the units digit of (2/(-6)*-4)/(18/f)?
2
Let c = 23178 + -16165. What is the thousands digit of c?
7
Suppose 5*d = -2*n + 47 + 135, -2*n - 4*d + 178 = 0. Suppose -8*k - n = -233. What is the units digit of k?
9
Suppose -18*h = -4234 + 2456 - 7978. What is the tens digit of h?
4
Suppose -2*s - 69 + 81 = 0. What is the hundreds digit of 1/(15/(-45)*s/(-272))?
1
Let u = 610 - 615. What is the thousands digit of (u*103)/(-1)*(5 + -3)?
1
Suppose 0 = s - a - 18, -2*a + 0*a = 8. Suppose g - 19*z - 844 = -s*z, -2*g + 1748 = 2*z. What is the tens digit of g?
6
Let r(n) = -n**2 + 6*n + 9. Let v be -2 + 1*(13 - 4). Let k be r(v). What is the units digit of k/(161/(-163) + -1 + 2)?
3
Suppose -33*d + 89 + 43 = 0. Suppose -9*x + d*x = -3135. What is the units digit of x?
7
Suppose -4*g = -4*m - 6436, -4*g - 5*m + 3733 = -2721. What is the hundreds digit of g?
6
Let q be (-15)/18 + 1 - (-261)/54. Suppose -37*d = -36*d - q. Suppose 333 = d*n - 7. What is the units digit of n?
8
Suppose -4*d - 4*w + 18784 = 0, -3*d - 7*w + 14104 = -8*w. What is the thousands digit of d?
4
Let v be 3/(-42) - (-498)/(-84). What is the tens digit of ((-4)/v)/(14/15267)?
2
Let h be (-4)/204*-9582 - 2/(-17). Suppose 0 = -193*w + h*w + 7680. What is the units digit of w?
6
Suppose -6729 = z - 23*z + 58721. What is the hundreds digit of z?
9
Let f(x) = 8392*x**2 + 28*x. What is the thousands digit of f(-1)?
8
What is the thousands digit of 12345 + -11 + 8 + -1?
2
Let f be (-3)/6*(0 - 4). Suppose 4*i - 3*i = 5*u + 105, f*i - 192 = u. Suppose n + 6*g - 27 = 2*g, 2*g + i = 3*n. What is the units digit of n?
1
Let k(y) = 2*y**2 - 24*y - 50. Let a be k(20). What is the units digit of (-6)/10 + 70362/a?
0
Suppose -54*m = -158723 - 13159. What is the units digit of m?
3
Let x = 14180 + -20760. What is the tens digit of (-9)/(63/x)*1?
4
Let x(n) = n**2 + 5*n - 32. Let a be x(4). Suppose 3*z + 2*s = 3179, 2*z = a*s + 42 + 2072. What is the units digit of z?
9
Suppose -f - 2*p = -4*p + 6, 2*p - 2 = -f. Let x(i) = -24*i - 10. Let j(g) = 90*g + 31. Let h(u) = -2*j(u) - 7*x(u). What is the units digit of h(f)?
2
What is the tens digit of (1/(-2)*10671/3)/((-4)/8)?
5
Let n(c) = 70*c + 657. What is the tens digit of n(11)?
2
What is the hundreds digit of 18594 - -1 - (808 + -791)?
5
Let m(u) = 3*u**2 + 18*u - 181. Let w be m(14). Let x = -505 + w. What is the tens digit of x?
5
Suppose -149*v - 1721068 + 4073122 = -4936877. What is the ten thousands digit of v?
4
Suppose 0 = 5*m + 2*t - 0*t - 120, -2*m + 34 = -2*t. Let k = m - 18. Suppose -k*p + 290 = -182. What is the hundreds digit of p?
1
Let d(z) = -6*z**2 + 20*z - 2. Let o be d(3). Suppose -168 = -3*h + o*c, -3*h = 5*c - 3*c - 186. Suppose -5*l = -6*l + h. What is the tens digit of l?
6
Suppose 2*x - 16 = -2*a, 0 = a + 3*x - 6 - 12. Suppose g = a*g + 28. Let d(b) = 2*b**2 + 11*b + 2. What is the tens digit of d(g)?
4
Suppose 0 = 42*z - 5745 - 3999. What is the tens digit of 6*z + ((-135)/9)/3?
8
Suppose 2496 + 46284 = 6*z. What is the units digit of z?
0
Let z = 5051 + -3490. Suppose -3*q = -3*l - 5*q + z, 5*l = 2*q + 2591. What is the units digit of l?
9
Let b(z) = -76*z + 49. Let f(y) = 79*y - 50. Let i(t) = 6*b(t) + 7*f(t). What is the tens digit of i(2)?
3
Let r = 175397 + -105412. What is the thousands digit of r?
9
What is the ten thousands digit of 13/91*(-1473465)/(-15)?
1
Let k(b) = -b - 2. Let s(q) = 100*q - 45. Let c(m) = -6*k(m) + s(m). What is the tens digit of c(18)?
7
What is the thousands digit of 3 + -1 + 1 - 6*(-29624)/21?
8
Suppose 77*k - 240095 = -78*k. What is the tens digit of k?
4
Let v = -182 - -208. Suppose v*l - 24*l = 904. What is the units digit of l?
2
Suppose -185*o + 175*o + 70 = 0. Let b(u) = 23*u**2 - 15*u - 15. What is the hundreds digit of b(o)?
0
Let r(j) = 5*j**2 + 7*j + 4. Let q = 15 - 7. Let y be r(q). Suppose 35*m - 31*m = y. What is the tens digit of m?
9
Let y = 52 - 49. Suppose -56 = -y*g - 4*g. Suppose g*n - 3*n - 335 = 0. What is the tens digit of n?
6
Let r(q) = -32*q**2 - 11*q - 30. Let g be r(-3). Let u = g - -400. What is the tens digit of u?
1
Suppose 5*z - 7*z = 62. Let p = 39 + z. Suppose -p*t + 23 = -49. What is the units digit of t?
9
Let q(b) = -b**2 + 19*b + 7. Let r be q(14). Suppose -r = -10*t + 503. Suppose -t = -w + 8. What is the units digit of w?
6
Let z = -34 - -32. Let a(l) = 49*l + 9. Let q be a(z). Let o = q + 154. What is the tens digit of o?
6
Let h be 0*1*2/(-4). Suppose h = -5*n - 25 - 25. What is the tens digit of ((-1140)/50)/(3/n)?
7
Let k(n) = -n**3 - 5*n + 22. Let f(i) = i**3 - i**2 + 5*i - 22. Let j(q) = 6*f(q) + 7*k(q). What is the units digit of j(-8)?
0
Suppose -4*z + n + 45 = 4*n, -n = 3*z - 30. Suppose -o + 21 - 4 = -3*r, r = 2*o - z. Suppose -5*c - 6 = -1, -o*m - c + 289 = 0. What is the hundreds digit of m?
1
Let p = 425 + 4611. What is the tens digit of p?
3
Let u be 10/(-6)*(9 - 0). What is the tens digit of u*17*10/(-6)?
2
Let o(a) = a**3 - 62*a**2 + 71*a + 567. What is the units digit of o(63)?
9
Let i(p) = p**3 - 7*p**2 - 8*p - 20. Let l be ((-34)/5)/(9/(-90)) - 2. Suppose 26 = -4*y + l. What is the tens digit of i(y)?
0
Suppose -z + 4*p = -3*z + 29520, -p + 2 = 0. What is the thousands digit of z?
4
Let b = 10043 + -9817. What is the tens digit of b?
2
Suppose -35040 = -8*l + 13*l. What is the units digit of ((-9)/(-6))/((-18)/l*2)?
2
Suppose -892174 = -77*c - 226401 + 414537. What is the tens digit of c?
3
Let i = -93 + 69. Let n be (10/(-3))/(4 - (-104)/i). Suppose n*m - 2511 = m. What is the tens digit of m?
7
Suppose 394702 = 677*j - 655*j. What is the tens digit of j?
4
Let o(r) = -r**2 - 6*r + 2. Let s be o(-6). Let f(p) = 69*p**2 - 4*p + 1. Let l be f(s). Let k = l - 185. What is the units digit of k?
4
Let b = -7799 + 12206. What is the hundreds digit of b?
4
Let y = -560